 q?
2, 61
Let t(h) = 37*h**2 + 12*h + 24. What are the prime factors of t(-2)?
2, 37
Let f = 0 - -3. Suppose 0*p = f*p - 342. Let o = p - 77. List the prime factors of o.
37
Suppose 4*c + 5*x - 2877 = -270, 0 = c - x - 645. What are the prime factors of c?
2, 3
What are the prime factors of (2805/20)/(-11)*-112 - -6?
2, 3, 239
Suppose 0 = -2*y - 3*v + 29 - 7, -4*y + 2*v = -12. Suppose 0 = -2*b + y*b + 3*j, -4*j = -3*b. Suppose 4*l - 20 - 16 = b. What are the prime factors of l?
3
Suppose -h = -4*c - 231 - 100, 5*h = 5*c + 1610. Let g = h - 217. List the prime factors of g.
2, 3, 17
Suppose -2*i - 3*i - d = -170, 0 = 3*i + 3*d - 102. Let o = 77 + i. List the prime factors of o.
3, 37
Suppose -8*l = -l - 14. Suppose -7*n + 155 = -l*n. What are the prime factors of n?
31
Let q(a) = a**3 + 4*a**2 - 6*a + 7. Let w be q(-6). Let s = 31 + w. List the prime factors of s.
2
Let d = 2100 - 959. What are the prime factors of d?
7, 163
Let s(z) = z**2 - 7*z + 25. Suppose 4*w - 3*j = -9, -2*w - 3*w - 5*j - 55 = 0. List the prime factors of s(w).
103
Suppose 7 = 4*j + 3*o, 2*o + 0*o = -4*j + 10. What are the prime factors of (99 - -3) + j + 0?
2, 53
Suppose -5*t + 2 = -13. Let g(p) = 2*p**3 - 10*p**t + 52 + 7*p**3 - p**2. List the prime factors of g(0).
2, 13
Suppose -5*o = 11*d - 13*d + 1013, 2522 = 5*d - 2*o. What are the prime factors of d?
2, 3, 7
Suppose 24*h - 970 = 19*h. List the prime factors of h.
2, 97
Let r = -949 - -1880. What are the prime factors of r?
7, 19
Suppose 3*z + 4 = -2*f, 5*f = z - 0*z - 10. Let u(d) = 32*d**2 - d. Let b be u(f). Suppose 4*q = -q + b. List the prime factors of q.
2, 13
Let v(b) = -b**3 - 3*b**2 - 5*b - 23. Let k be v(-4). Suppose 2*h + k*h - 1710 = 0. What are the prime factors of h?
2, 3, 19
Let r(k) = k**3 + 13*k**2 - 15*k + 16. Let d be r(-7). Suppose 4*m - 225 - d = 0. List the prime factors of m.
2, 5
Let f(t) = 7*t**2 - 4*t + 9. List the prime factors of f(7).
2, 3
Let d be 15*1*(-5)/(-15). Suppose -d*l + 25 = 4*k, -k = -2*l + 8 + 15. List the prime factors of l.
3
What are the prime factors of 0 - 0 - (-162)/2?
3
Let d(m) = -m**3 + 10*m**2 + 11*m + 3. Let r be d(11). Suppose 6*p - 8*p = -100. List the prime factors of p/r + 4/(-6).
2
Let f(y) = y**2 + 9*y - 91. What are the prime factors of f(18)?
5, 79
Suppose 0 = 25*r - 1880 - 22795. List the prime factors of r.
3, 7, 47
Let q = 3 + 0. Suppose -2*i - 123 = -131. Suppose q*d - i*d = -53. What are the prime factors of d?
53
Let q = -1441 + 4937. What are the prime factors of q?
2, 19, 23
Let f = 3 - 3. Let w(j) = j**2 - 5*j + 6. Let u be w(4). Suppose f = 4*x - u*x - 38. List the prime factors of x.
19
Suppose 0 = 3*l + 22 + 65. Let u = l - -56. What are the prime factors of u?
3
What are the prime factors of -3 + 13 + (4167 - -8)?
3, 5, 31
Let g be 3/(15/35)*103. Suppose -g = -12*x + 1163. List the prime factors of x.
157
Suppose 391 = 4*c + 5*r, -83 = -3*c - r + 224. Let k(f) = -f**2 - f + 27. Let s be k(5). What are the prime factors of 1/((-308)/c - s)?
2, 13
Suppose 269 + 147 = 4*q. Let m = q + -59. List the prime factors of m.
3, 5
Suppose -5*s + 5 = -5. Suppose 4*j + 116 = 4*t, s = -2*j - 4. What are the prime factors of t?
2, 13
What are the prime factors of 1832 + (-25 + 19)*(-1 - -2)?
2, 11, 83
Suppose 2*c - 114 = -794. What are the prime factors of 4/6 + c/(-12)?
29
Let b be (-39)/(-2) + (-3)/(-6). Suppose -4*n = -3*s + b - 2, s - 2*n = 6. Let c(k) = 2*k + 13. What are the prime factors of c(s)?
5
Let u be -1 - 3 - (0/12)/(-7). Let q = -6 + 19. Let p = q - u. What are the prime factors of p?
17
Suppose 0 = -4*h + 9*h - 410. Suppose -3*r + 117 = 3*j, 3*r + 3*j - h = r. What are the prime factors of r?
5, 7
List the prime factors of (-529445)/(-280) + 2/32*2.
31, 61
Suppose -4*p + 60 = 4. List the prime factors of (3 + -5)*(-35)/p.
5
Suppose 10*l - 8626 = 1654. What are the prime factors of l?
2, 257
Let d(n) = 2*n**2 - 5*n + 3. Let l be d(4). Suppose 0 = 5*g - 0 - l. Suppose -g*u + 90 = t, 0 = 5*u + 5*t - 4*t - 148. List the prime factors of u.
29
Let i(b) be the second derivative of -b**4/6 - 7*b**3/6 - 7*b. Let o be i(6). Let l = -80 - o. What are the prime factors of l?
2, 17
Let v(j) = -j**2 + 5*j - 2. Let s be v(4). Suppose 122 = 2*x - s*t + t, 2*x = -2*t + 134. What are the prime factors of x?
3, 7
Suppose 0*j = -2*j. List the prime factors of (j + 3)/((-3)/(-47)).
47
Let q be 1/3*3*(-2 + 0). What are the prime factors of 70 - (-2)/q - 0/(-15)?
3, 23
Let m(a) = -2*a - 4. Let f be m(-2). Suppose -4*s + 364 + 228 = f. What are the prime factors of s?
2, 37
Let v = -72 + 74. Suppose -3*f - v*j + 86 = 0, 4*j + j - 117 = -4*f. List the prime factors of f.
2, 7
Let g = 206 + -240. Suppose -3*n - 2*w = -148, 4*n + 4*w - 124 - 76 = 0. Let i = g + n. What are the prime factors of i?
2, 7
Suppose -1882 = -h + 2*i + 990, 0 = 2*h + 5*i - 5789. List the prime factors of h.
2, 11, 131
Let z(p) = -10*p - 9. Let x be z(2). Let i = 12 - x. What are the prime factors of i?
41
Suppose -4*l + 5 + 3 = 0. Suppose j + 13 = z, l*z + 0*j + 5*j = -2. Suppose 2*p - z = 39. List the prime factors of p.
2, 3
Let w be (12/(-14))/((-2)/336). Let j = w + -94. What are the prime factors of j?
2, 5
Let j = 285 - 160. Suppose 4*s - j = -4*z - 13, 3*z = 3*s + 108. Suppose p = -r + 31, -3*p + z = r - 5. What are the prime factors of r?
2, 7
Suppose 7 = 2*h - 5. Suppose 3*d = -3, -8*w = -h*w - 3*d - 185. What are the prime factors of w?
7, 13
Let o(f) = f**3 + 16*f**2 + 17*f - 9. Let m = 3 + -17. What are the prime factors of o(m)?
5, 29
What are the prime factors of 1*330/(-22)*8/(-10)?
2, 3
Suppose -2*h = -4*h - k + 53, -h = k - 25. Suppose h = u - 30. List the prime factors of u.
2, 29
Let j(o) = -3*o - 13. Suppose -3 = 4*v + 13. Let h be v/(-7) - 46/7. List the prime factors of j(h).
5
Let r(o) be the second derivative of o**6/120 + 7*o**5/120 - 3*o**4/4 + 14*o. Let z(y) be the third derivative of r(y). What are the prime factors of z(11)?
73
Let j(y) = 10*y**3 - 30*y**2 + y - 17. Let i(v) = 3*v**3 - 10*v**2 - 6. Let m = 18 + -16. Let k(f) = m*j(f) - 7*i(f). What are the prime factors of k(10)?
2, 7
Let l(r) = r**2 - 26*r + 106. List the prime factors of l(-51).
37, 109
What are the prime factors of (-14)/98 + (-3992)/(-14)?
3, 5, 19
Suppose 24*d + 7746 = 26*d + 3*y, -5*d - 3*y = -19365. List the prime factors of d.
3, 1291
Let r = 5 - 2. Suppose -8 = 4*b, 0*c = -r*c - 4*b + 22. Suppose -2*k + 32 = 2*i - 4*i, -i + c = k. What are the prime factors of k?
13
Suppose -5*p = -0*p + 105. Let t = -1 + p. Let q = 47 - t. What are the prime factors of q?
3, 23
Let u be (-12)/(-78) + 63/13. Suppose d + r = -2, 0 = -6*d + d + 5*r + 30. Suppose 70 = d*q - 3*n, -q + u*n + 74 = q. List the prime factors of q.
2
Suppose -4*k = 3*m - 17, -52 = -4*m - 0*k + 2*k. Suppose -14*h = -m*h - 3900. List the prime factors of (3/2)/(30/h).
5, 13
Suppose -2664 = -15*c + 6156. What are the prime factors of c?
2, 3, 7
Let d(a) = -4*a**2 + 9*a + 3. Let j(v) = -9*v**2 + 19*v + 5. Let r(n) = -7*d(n) + 3*j(n). What are the prime factors of r(-6)?
2, 3, 11
Let x(v) = -2*v + 8. Let p be x(7). Let d be (-9)/((-27)/p)*-54. Suppose 5*m = h + 288, -2*m + d = h + h. List the prime factors of m.
3, 19
Suppose -668 = 3*x - 4*x - c, 4*x - 2656 = 4*c. What are the prime factors of x?
2, 3, 37
Let f = 82 - 82. Suppose -b - 2*v + 58 = f, 3*v + 71 - 28 = b. What are the prime factors of b?
2, 13
Let d be (-2 - -2 - 2) + 3. Let m be (-12)/(d + -4) + -4. Suppose -3*i + m*v = -2*v - 48, i + 4*v - 16 = 0. List the prime factors of i.
2
Let h be 3*(-8)/60*30. List the prime factors of -7*h*(-15)/(-42).
2, 3, 5
Let g be -2*(-1)/2*4. Suppose g*l - 2*l = -q - 44, l + 27 = -3*q. Let m = l + 44. What are the prime factors of m?
23
Let j(o) = -o**3 - 17*o**2 - o - 161. List the prime factors of j(-18).
181
Let y be 6/4*(-364)/6. Let l(b) = 12*b + 8. Let p be l(10). Let n = p + y. What are the prime factors of n?
37
Let l(h) be the second derivative of 5*h**4/12 + 2*h**3/3 + 9*h**2/2 - 7*h. List the prime factors of l(-4).
73
Let c = -30 - -42. Let n be (-8)/12 + (-16)/c. What are the prime factors of (-1)/1 - n - -1?
2
Let j be ((-13)/13)/((-2)/206). Suppose -b = -j - 49. What are the prime factors of b?
2, 19
Let i(b) = b**3 + 2